ed by 6 + 14 + j + -1.
19
Let r = -291 + 336. Calculate the remainder when 536 is divided by r.
41
Suppose u - 5*j = 3*u + 1, 3*u - j = -27. Let m be 118/8 + (-2)/u. Suppose i - m = -2*i. What is the remainder when 9 is divided by i?
4
Let c be (-8)/(-12) - 14/(-6). Suppose -24 = -c*y + 180. Calculate the remainder when y is divided by (6 + -4 + -3)/(3/(-105)).
33
Let l = 61 - 32. Let y = l - 10. Let p(x) = -x**3 - 7*x**2 + 10. Calculate the remainder when y is divided by p(-7).
9
Let y be 17 + -23 + 2/1. Let q(k) = -k**3 - 2*k**2 - 6. What is the remainder when 199/4 + 2/8 is divided by q(y)?
24
Suppose -5*r + 19 = 4. Suppose -6 = -3*z, -5*n + r*z - 3 = -67. What is the remainder when (-6)/9*3*702/(-52) is divided by n?
13
Suppose -4*w = -0*w - 4*b - 28, 3*w = b + 29. Calculate the remainder when 60 is divided by w.
5
Let s(p) = -p**3 + 27*p**2 - 26*p + 43. Calculate the remainder when s(26) is divided by ((-32)/10)/((-4)/30).
19
Let x(d) = d**2 - 5*d + 1. Let c be x(6). Suppose c*v - 271 = 506. What is the remainder when v is divided by 19?
16
Let o = -1084 + 1685. Let i = o - 380. Calculate the remainder when i is divided by 28.
25
Suppose -w = -177*r + 175*r + 140, 20 = 5*w. What is the remainder when r is divided by (-1)/(-4) + 118/8?
12
Let m = -194 + 209. What is the remainder when 387 is divided by m?
12
Suppose -10 = 5*y, 10*k - 7*k - 2*y = 736. What is the remainder when k is divided by 31?
27
What is the remainder when 466/8*(-27 + 31) is divided by 118?
115
Let o(y) = -y**2 - 3*y + 2. Let p be o(-3). Let a = -70 - -72. Suppose -p = -g + a. Calculate the remainder when 23 is divided by g.
3
Suppose -2*u = p + 2*p - 101, 0 = 3*u + 5*p - 154. Let f = u + -31. Suppose 17 = 2*b - 51. What is the remainder when b is divided by f?
10
Let l(v) = -7*v**3 - 2*v**2 - 20*v - 31. Calculate the remainder when 166 is divided by l(-2).
52
Let w(t) = -5*t**2 - 2*t + 4. Let v be w(-5). Let z = -68 - v. Calculate the remainder when z is divided by 11.
10
Let x be (20/3)/((-2)/6). Let a = -16 - x. Suppose 5 = -i + 2*i, -5*v - a*i + 40 = 0. What is the remainder when v is divided by 2?
0
Let m = 18 + -4. Let g(y) be the first derivative of y**2 + 9*y - 21. Calculate the remainder when g(m) is divided by 10.
7
Suppose -m + 4*m = 129. Let u = -282 - 502. Calculate the remainder when m is divided by u/(-36) + (-2)/(-9).
21
Let d = 4 + -2. Suppose 17 - 43 = -d*v. Suppose 11*f = 671 + 33. Calculate the remainder when f is divided by v.
12
Suppose b + 2*j - 49 = 0, 203 = 3*b - 3*j + 20. Calculate the remainder when (-4*(-25)/15)/(2/b) is divided by 64.
62
Let b(r) = r + 41. Suppose 5*d + 20 + 75 = 0. Let k = d + 40. What is the remainder when b(0) is divided by k?
20
Let g = 40 + -36. Suppose -4*f - 5*s + 33 = -7, s + 40 = g*f. What is the remainder when 49 is divided by f?
9
Suppose -91*c + 45 = -82*c. Suppose y + 6 = 4*y. Suppose -c*q = -3*m + 26, m - y*q + 3*q = 14. Calculate the remainder when 22 is divided by m.
10
What is the remainder when 123 is divided by 9 - (-3)/7*1*-7?
3
Let m = 3 + 8. Let b(x) = x**2 + 8. Let l be b(m). Suppose -5*t + l = -111. What is the remainder when t is divided by 25?
23
Let r(f) = 7*f**2 - 3*f - 103. Calculate the remainder when r(8) is divided by 54.
51
Suppose 0 = z + 2*y - 205, -3*y - 199 = -2*z + 225. Suppose -3*g - z = -2*c, -7*c = -2*c + 2*g - 570. What is the remainder when c is divided by 23?
20
Suppose 7*f = -170 + 1003. Let t(q) = -q + 8. Let s be t(6). Suppose 0 = -s*n + b + 33, f + 1 = 5*n + 5*b. What is the remainder when 74 is divided by n?
17
Suppose 3*j = 4 - 7. What is the remainder when (-53)/j - (-5 + 3) is divided by 19?
17
Let g = -200 - -288. What is the remainder when 1318 is divided by g?
86
Suppose -5*p - 16 = y + 13, y + 14 = -2*p. Let b(i) = i**2 + 2*i - 11. Let t be b(p). Suppose -35 = -n - t. What is the remainder when n is divided by 17?
14
Let v = 1 + -2. Let f(j) = 7*j**2 - 13*j - 15. Calculate the remainder when f(-2) is divided by ((-7)/(-3))/(v/(-6)).
11
Let w(s) be the first derivative of s**3/3 + 3*s**2/2 - 8*s - 2. Suppose -3*t - 130 = -112. What is the remainder when 37 is divided by w(t)?
7
Suppose -2*s + 296 = 3*s - 3*v, -73 = -s - 4*v. Calculate the remainder when s is divided by 18.
7
Let z = 1312 + -1257. What is the remainder when 322 is divided by z?
47
Calculate the remainder when 105 is divided by 58 + (3 - (3 - 6)) - 6.
47
Let o(v) = -6 - v - 8*v - 4*v + 2*v**2 + 19*v. Let q = 13 - -13. Calculate the remainder when o(4) is divided by q.
24
Suppose -33 = -r - 0*r. Suppose 20 = o - r. What is the remainder when 158 is divided by o?
52
Let a(b) = -b**2 - 9*b - 1. Let j be -3*1/(6/(-4)). Suppose -4*x + j*w + 3*w = -25, -x = -w - 6. What is the remainder when a(-7) is divided by x?
3
Suppose -z + 3*z = -4*v + 166, 3*v = -5*z + 114. What is the remainder when v is divided by 11?
10
Let b = 763 - 742. Calculate the remainder when 333 is divided by b.
18
Let h(o) = 2*o**3 + 4*o**2 + 17*o + 12. Let q(m) = m**3 + m + 1. Let u(r) = -h(r) + 3*q(r). Calculate the remainder when u(7) is divided by 11.
7
Let d(p) = p**2 - 5*p + 2. Suppose -4*t + 53 = 5*q, 6 = 2*q - t - 10. Let u(k) = 5*k - 23. Calculate the remainder when u(q) is divided by d(6).
6
Let b(r) = 2*r**2 - r + 14. What is the remainder when b(5) is divided by 15?
14
Suppose 0 = 9*p - 1204 - 695. Calculate the remainder when p is divided by 18.
13
Suppose 3 = 7*n - 11. What is the remainder when 14 is divided by 12/2 + (n - -13)/5?
5
Let r(k) = k**2 - 8*k - 83. Calculate the remainder when r(14) is divided by 1.
0
Let y be -20*1*20/(-64)*4. Let n = 17 + y. Calculate the remainder when n is divided by 11.
9
Suppose -657 = -2*v - 527. What is the remainder when v is divided by 47?
18
Let x(w) = w**2 + w - 2. Let i be x(2). Let o = -1 + i. Calculate the remainder when o is divided by 6/(-36)*((-8)/4 + -4).
0
Suppose 3*q - 145 = -o - 3*o, -3*q + o + 125 = 0. Suppose 5*m - 120 = -k, -2*k + 44 = 4*m - 46. What is the remainder when q is divided by m?
18
Let v(c) be the first derivative of -c**2/2 + 19*c - 2. Calculate the remainder when 25 is divided by v(10).
7
Suppose -10*u = -17*u - 56. Calculate the remainder when 63 is divided by 1 - 2 - 69*u/24.
19
Let o = 88 - -70. Let n = -53 + 93. What is the remainder when o is divided by n?
38
Let c(a) = -8*a - 110. Let b = 186 - 115. Calculate the remainder when b is divided by c(-16).
17
Let d(m) = m**2 - m - 2. Let o(q) = q**3 + 24*q**2 + 117*q - 18. What is the remainder when o(-17) is divided by d(4)?
6
Let h be 4/6 + (-12)/(-9). Suppose -44 = -4*y - 2*m, -y + h*y - m - 17 = 0. Let f = -42 + 64. What is the remainder when f is divided by y?
9
Suppose 0 = 3*i - i - 34. Suppose -5*t = -5*x - 50, -t - 4*x - 30 = -3*t. Suppose 105 = t*s - 60. What is the remainder when s is divided by i?
16
Calculate the remainder when (-45)/20*24/(-18) is divided by 1.
0
Let q(y) = y**3 - y + 128 - 125 - 2*y**2 + 4*y**2. What is the remainder when 18 is divided by q(-2)?
3
Let d(g) = g**2 + 9*g + 9. Let o be d(-8). Let t(z) = 7*z**3 - z**2. Let y be t(o). What is the remainder when ((-9)/6)/(y/(-20)) is divided by 4?
1
Suppose a + p = 0, 2*p + 2*p + 40 = 4*a. Let o = 34 - 37. Let k(z) = 3*z**2 + 4*z + 7. Calculate the remainder when k(o) is divided by a.
2
Suppose -232 = -o - 2*g - 20, -3*o = -4*g - 616. Suppose 8*q - o = -0*q. Calculate the remainder when 46 is divided by q.
20
Let t = 10 - 6. Calculate the remainder when (-59 + 56)/(2/(-10)) is divided by t.
3
Calculate the remainder when 516/16*(-40)/(0 + -10) is divided by 48.
33
What is the remainder when 76 is divided by 42/(-49) + 530/14?
2
What is the remainder when 2/18 - 18123/(-189) is divided by 9?
6
Suppose -2*s = s. Suppose -x + 49 - 10 = s. Let y = x + -4. Calculate the remainder when y is divided by 9.
8
Suppose 0 = -5*v - 2*q + 5 + 17, -2*q - 18 = -5*v. Let a be 2 + (-3)/3 + 23. Let p = a + -17. What is the remainder when p is divided by v?
3
What is the remainder when 362 is divided by 2/46 - (-57384)/552?
50
Suppose -19*i + 286 = -113. What is the remainder when (-306)/(-8) + 15/20 is divided by i?
18
Suppose -3*j - 219 + 87 = 0. Let i = 75 + j. Suppose -4*n + 2*n + 32 = 0. Calculate the remainder when i is divided by n.
15
Let d 